-11)?
8
Suppose -251 = -5*z + 9. Calculate the remainder when z is divided by 18.
16
Suppose 0 = -4*c - 3*q + 60, 2*c - 4*q - 4 = q. Calculate the remainder when (-3 + (-21)/(-9))*-33 is divided by c.
10
Let z(k) = k**2 + 9*k + 9. What is the remainder when z(-10) is divided by 7?
5
Suppose -3 = -5*k + 4*a + 89, 4*k = 3*a + 73. Suppose 16 = w - 14. What is the remainder when w is divided by k?
14
Suppose -92*y - 260 = -97*y. Calculate the remainder when y is divided by 19.
14
Let v(f) = -f**2 - 9*f + 1. Calculate the remainder when v(-6) is divided by 5.
4
Suppose -3*r + 0*h - 2*h = -128, 0 = 2*r - 2*h - 82. Suppose 0*n - r = -3*n. What is the remainder when n is divided by (-2)/(-7) + (-54)/(-7)?
6
Let k(z) = 25*z - 1. Let c = 5 - 4. What is the remainder when 46 is divided by k(c)?
22
Suppose 2*a = -3*z + 11, 2*z - 5*a = -3*z - 15. Let s = z + 3. Suppose 2*w = -2*q - 3 + 29, 3*w - s*q - 46 = 0. What is the remainder when w is divided by 8?
6
Let y be (5 - 4)*(1 - -2). Suppose -25 = -5*l - 5*x, l - 3*x = -2 + y. What is the remainder when 8 + (1 + 0 - -2) is divided by l?
3
Suppose 3*g - p - 43 = -g, -g + 7 = -p. What is the remainder when g is divided by (-3 - -2)/(2/(-14))?
5
Suppose 4*y + 42 = 4*o - y, -2 = y. Suppose -8*x + 124 = -4*x. What is the remainder when x is divided by o?
7
Let h(z) = 11*z + 3. Suppose -3*b + 0*b = 0. Suppose b*k + 3 = k. Calculate the remainder when h(k) is divided by 19.
17
Let t = 7 + 1. Let n = 7 - -1. Let r = n - 5. What is the remainder when t is divided by r?
2
Let a = 9 + 0. Suppose 0 = 4*i - 3*i + 3. Calculate the remainder when (-20)/i*36/15 is divided by a.
7
Suppose 0 = -p + 4*p - 24. Let b = p - 13. What is the remainder when 53 is divided by (b/10)/((-1)/36)?
17
Let a = 73 - 25. What is the remainder when 140 is divided by a?
44
Suppose -j = 4*j - 10, -4*k - 2*j + 504 = 0. Let l = k + -22. Suppose 2*r - 102 = 4*f, 2*r + 2*f - 7*f - l = 0. What is the remainder when r is divided by 13?
10
Calculate the remainder when 67 is divided by (177/15)/1 + 1/5.
7
Let r(z) = 11*z + 1. Suppose 30 = 4*p - 18. Calculate the remainder when r(2) is divided by p.
11
Suppose 2 = k - 2. Suppose 0 = -4*y - y + 60. Let l = y - k. Calculate the remainder when 14 is divided by l.
6
Let i be (-56)/(-2) + -1 - 2. Let r = -11 + i. What is the remainder when 27 is divided by r?
13
Let p = 8 - 16. Let k = p + 13. Suppose -2*w + k*a + 34 = 0, a + 16 = -3*a. Calculate the remainder when 12 is divided by w.
5
Suppose 184*u = 182*u + 8. Calculate the remainder when u is divided by 1.
0
Let c = 7 - 20. Let r = c - -38. Calculate the remainder when 72 is divided by r.
22
Let l(w) = w**2 - 30. What is the remainder when 15 is divided by l(-6)?
3
Let t = -44 + 76. Calculate the remainder when t is divided by 12.
8
Let d(m) = -m**2 - 7*m - 7. Let h be d(-5). Suppose -4*c = -20, h*c = -4*a - c + 128. Suppose a = -f + 4*f. What is the remainder when 26 is divided by f?
8
Let m(y) = y**3 - 7*y**2 - 7*y - 5. Let i be m(8). Suppose 2*o = i*r - 298, 4*o = -5*r + 272 + 210. What is the remainder when r is divided by 25?
23
Let v = 12 + 2. Suppose 4*p - l + 6 - v = 0, -3*l - 6 = -3*p. Suppose -n + 5*n = -p*f + 146, -n - 2*f + 32 = 0. What is the remainder when n is divided by 13?
12
Suppose -2*j = -4*a - 4, 0 = 3*j + 2*a - 1 - 13. Suppose -15 - 3 = -j*h + 5*z, 4 = 5*h + 3*z. Let x = -6 + 9. What is the remainder when x is divided by h?
1
Let d(z) = z**2 - 8*z + 9. What is the remainder when d(10) is divided by 12?
5
Let y = 1 - -2. Suppose 3*c = -a + 24, 4*c + 32 = 8*c - y*a. Suppose -5*f + 53 = d, -d + f = -3*f - c. Calculate the remainder when d is divided by 15.
13
Suppose 0 = -v - 3*v + 2*k + 238, -3*k + 233 = 4*v. Calculate the remainder when v is divided by 16.
11
Let r(b) = b**2 + 3*b - 5. Calculate the remainder when 50 is divided by r(-6).
11
Let g = -16 - -24. Calculate the remainder when 21 is divided by g.
5
Let f(h) = -23*h - 23. What is the remainder when f(-8) is divided by 42?
35
Let t(v) = -v + 7. Let s be t(5). Suppose 5*n - 63 = -3*o - 19, -5*n = s*o - 46. Let b = n - -19. Calculate the remainder when b is divided by 10.
9
Suppose -4*q + 9*q = 10. Suppose 0 = -9*i + 4*i - 4*t + 259, -q*i = 2*t - 104. Calculate the remainder when i is divided by 27.
24
Let d(j) be the second derivative of j**3 - 1/20*j**5 - 7/12*j**4 + 0 + 2*j + 11/2*j**2. Calculate the remainder when d(-8) is divided by 14.
13
Let b = 1 - 5. Let k = 10 + b. Calculate the remainder when k is divided by 4.
2
Let c = -31 - -52. Suppose 0*j + 5*j + 2*n = -19, -3*j + 2*n = c. What is the remainder when 23 is divided by ((-72)/15)/3*j?
7
Let a = -15 + 31. Suppose 3*p = 2*p + 2. What is the remainder when ((-2)/(-5))/(p/230) is divided by a?
14
Let l = 71 + -52. What is the remainder when 132 is divided by l?
18
Let a = 25 + -18. What is the remainder when 34 is divided by a?
6
Suppose 4*u + 4*h = h + 156, -5*u + 196 = 4*h. Suppose 2*q + 1 = -2*p - 3, 5*p - 4 = 2*q. Let k(l) = l + 13. Calculate the remainder when u is divided by k(p).
10
Suppose -3*i = 1 - 10. What is the remainder when 14 is divided by i?
2
Suppose -112 = -2*t - 2*t. Calculate the remainder when t is divided by 16.
12
Suppose 1 = c - 0*c. Suppose -p + 3*v = -c, -11 - 7 = -3*p + 4*v. What is the remainder when 17 is divided by p?
7
Let w(s) = s**3 - 4*s**2 - 7*s - 8. What is the remainder when w(7) is divided by 31?
28
Let x(g) = 50*g**3 + g**2 - g. Let i be x(1). Suppose 2*c = -2*a + a + 52, -i = -a - c. What is the remainder when a is divided by 13?
9
Suppose -f + 3*a + 36 = -2*a, 0 = f - 2*a - 27. What is the remainder when f is divided by 11?
10
Let i(f) = f**2 - 2*f - 12. What is the remainder when (9/(-6))/((-6)/136) is divided by i(6)?
10
Let t = -16 + 111. Calculate the remainder when t is divided by 24.
23
Suppose 0 = -c + 6*c + 30. What is the remainder when 79 is divided by (-4)/6 - 124/c?
19
What is the remainder when ((-7315)/(-10))/(-7)*-2 is divided by 42?
41
Suppose 3*q - q = 3*c - 67, 2*c + 4*q = 34. What is the remainder when 81 is divided by c?
18
Let v be (-5 + 4)*(-1 + -4). Suppose -5*x = -75 + v. Suppose -4*u + u = -12. What is the remainder when x is divided by u?
2
Let f(r) = -2*r + 54. Suppose c - 4*j - 16 = 0, -3*j = -2*c - 7*j - 16. Calculate the remainder when f(c) is divided by 14.
12
Let k = -2 - -4. Suppose 0 = -5*i + 25, 2*i = -k*y + 20. Calculate the remainder when y is divided by (-6)/(-4)*(-4)/(-2).
2
Suppose 54 - 3 = 3*y. Calculate the remainder when 66 is divided by y.
15
Let m be (0 - (-6)/(-4))*-2. Suppose -76 = -5*o + o + 4*b, 0 = -o + m*b + 15. Let g = -4 + o. What is the remainder when 66 is divided by g?
15
Let s = 79 - 55. Calculate the remainder when s is divided by 13.
11
Let j(o) = o - 5*o + 10 - 1. Suppose -2*t + 7*t - 65 = 0. What is the remainder when j(-7) is divided by t?
11
What is the remainder when (-13*1)/(4 + -5) is divided by 8?
5
Calculate the remainder when 25 is divided by 468/65 + (-1)/5.
4
Let y(l) = l**3 + 9*l**2 - 14*l - 1. Suppose 0 = g - 5*g - 4*a - 60, -2*g - 5 = -3*a. What is the remainder when y(g) is divided by 20?
19
Let l = 6 - 5. What is the remainder when -3 - (56/(-1) + l) is divided by 18?
16
Suppose 0 = -0*r - 3*r + 45. Calculate the remainder when (-2 - 2)/2 - -30 is divided by r.
13
Suppose -14*d + 2*d + 240 = 0. What is the remainder when d is divided by 6?
2
Let s = 2 + 0. Let x be (3 + -4)/(s/(-6)). Suppose 25 = -x*g + 8*g. Calculate the remainder when 13 is divided by g.
3
Let t be 0 - (4 + -2 + 1). Let q = t - -7. Suppose 0 = -h + 2*h - c, 5*h = q*c + 3. Calculate the remainder when 5 is divided by h.
2
Suppose -2*j + 180 = -0*j. Suppose 6*o - j = o. What is the remainder when o is divided by 10?
8
Suppose -m = 4*m - 85. Let z = m - 13. Calculate the remainder when 11 is divided by z.
3
Let j(d) = -d**3 + 6*d**2 + 5. Let i be 60/(-8)*8/(-10). Calculate the remainder when 13 is divided by j(i).
3
Let v(i) = i**3 - 6*i - 3. Calculate the remainder when 41 is divided by v(3).
5
Let x(k) = -12*k + 2. Suppose 2*t + 2 = -0*t. Calculate the remainder when x(-3) is divided by -39*(t - (-6)/9).
12
Suppose -5*v + i + 208 + 23 = 0, v + i = 45. Calculate the remainder when v is divided by 24.
22
Suppose 0 = -2*d + 6*d + 4*